{"id":135,"date":"2018-10-10T12:22:32","date_gmt":"2018-10-10T11:22:32","guid":{"rendered":"http:\/\/www.shiatsu-angers-dufeil.fr\/?page_id=135"},"modified":"2025-01-17T16:31:39","modified_gmt":"2025-01-17T15:31:39","slug":"modalites","status":"publish","type":"page","link":"http:\/\/www.shiatsu-angers-dufeil.fr\/?page_id=135","title":{"rendered":"En pratique"},"content":{"rendered":"<p><a href=\"http:\/\/www.shiatsu-angers-dufeil.fr\/wp-content\/uploads\/2024\/09\/ai-generated-8700506_640.jpg\"><img loading=\"lazy\" decoding=\"async\" class=\"alignleft size-full wp-image-332\" src=\"http:\/\/www.shiatsu-angers-dufeil.fr\/wp-content\/uploads\/2024\/09\/ai-generated-8700506_640.jpg\" alt=\"\" width=\"360\" height=\"640\" srcset=\"http:\/\/www.shiatsu-angers-dufeil.fr\/wp-content\/uploads\/2024\/09\/ai-generated-8700506_640.jpg 360w, http:\/\/www.shiatsu-angers-dufeil.fr\/wp-content\/uploads\/2024\/09\/ai-generated-8700506_640-169x300.jpg 169w, http:\/\/www.shiatsu-angers-dufeil.fr\/wp-content\/uploads\/2024\/09\/ai-generated-8700506_640-152x270.jpg 152w\" sizes=\"auto, (max-width: 360px) 100vw, 360px\" \/><\/a>MODALIT\u00c9S :<\/p>\n<p>Il est conseill\u00e9 de porter une tenue souple et confortable.<\/p>\n<p>S\u00e9ance de shiatsu traditionnel : Entretien + shiatsu, 1h15 environ, 60 euros.<\/p>\n<p>S\u00e9ance enfants : Entretien avec parent-enfant + shiatsu, 40 euros jusqu&rsquo;\u00e0 11 ans et 55 euros apr\u00e8s 11 ans.<\/p>\n<p>S\u00e9ance \u00e0 domicile : 65 euros.<\/p>\n<p>S\u00e9ance shiatsu et relaxation\/m\u00e9ditation, 1h30, 75 euros.<\/p>\n<p>Je vous re\u00e7ois \u00e0 Angers et Morannes :<\/p>\n<ul>\n<li>16 Place des Justices, 49000 Angers.<\/li>\n<li>Les loges, 49640 Morannes sur Sarthe.<\/li>\n<\/ul>\n","protected":false},"excerpt":{"rendered":"<p>MODALIT\u00c9S : Il est conseill\u00e9 de porter une tenue souple et confortable. S\u00e9ance de shiatsu traditionnel : Entretien + shiatsu, 1h15 environ, 60 euros. S\u00e9ance enfants : Entretien avec parent-enfant + shiatsu, 40 euros jusqu&rsquo;\u00e0 11 ans et 55 euros apr\u00e8s 11 ans. S\u00e9ance \u00e0 domicile : 65 euros. S\u00e9ance shiatsu et relaxation\/m\u00e9ditation, 1h30, 75 euros. Je vous re\u00e7ois \u00e0 Angers et Morannes : 16 Place des Justices, 49000 Angers. Les loges, 49640 Morannes sur Sarthe.<\/p>\n","protected":false},"author":1,"featured_media":0,"parent":0,"menu_order":0,"comment_status":"closed","ping_status":"closed","template":"","meta":{"footnotes":""},"class_list":["post-135","page","type-page","status-publish","hentry"],"aioseo_notices":[],"_links":{"self":[{"href":"http:\/\/www.shiatsu-angers-dufeil.fr\/index.php?rest_route=\/wp\/v2\/pages\/135","targetHints":{"allow":["GET"]}}],"collection":[{"href":"http:\/\/www.shiatsu-angers-dufeil.fr\/index.php?rest_route=\/wp\/v2\/pages"}],"about":[{"href":"http:\/\/www.shiatsu-angers-dufeil.fr\/index.php?rest_route=\/wp\/v2\/types\/page"}],"author":[{"embeddable":true,"href":"http:\/\/www.shiatsu-angers-dufeil.fr\/index.php?rest_route=\/wp\/v2\/users\/1"}],"replies":[{"embeddable":true,"href":"http:\/\/www.shiatsu-angers-dufeil.fr\/index.php?rest_route=%2Fwp%2Fv2%2Fcomments&post=135"}],"version-history":[{"count":6,"href":"http:\/\/www.shiatsu-angers-dufeil.fr\/index.php?rest_route=\/wp\/v2\/pages\/135\/revisions"}],"predecessor-version":[{"id":338,"href":"http:\/\/www.shiatsu-angers-dufeil.fr\/index.php?rest_route=\/wp\/v2\/pages\/135\/revisions\/338"}],"wp:attachment":[{"href":"http:\/\/www.shiatsu-angers-dufeil.fr\/index.php?rest_route=%2Fwp%2Fv2%2Fmedia&parent=135"}],"curies":[{"name":"wp","href":"https:\/\/api.w.org\/{rel}","templated":true}]}}